{"id":120,"date":"2025-11-10T13:30:55","date_gmt":"2025-11-10T13:30:55","guid":{"rendered":"https:\/\/d-factory.in.net\/?page_id=120"},"modified":"2025-11-10T13:30:55","modified_gmt":"2025-11-10T13:30:55","slug":"rut-tien-188bet","status":"publish","type":"page","link":"https:\/\/d-factory.in.net\/index.php\/rut-tien-188bet\/","title":{"rendered":"R\u00fat Ti\u1ec1n 188BET: C\u00e1c C\u00e1ch Th\u1ef1c Hi\u1ec7n Hi\u1ec7u Qu\u1ea3"},"content":{"rendered":"<p><span style=\"font-weight: 400;\">Trong th\u1ebf gi\u1edbi c\u00e1 c\u01b0\u1ee3c tr\u1ef1c tuy\u1ebfn, vi\u1ec7c nhanh ch\u00f3ng r\u00fat ti\u1ec1n 188BET t\u1eeb t\u00e0i kho\u1ea3n l\u00e0 \u0111i\u1ec1u v\u00f4 c\u00f9ng quan tr\u1ecdng \u0111\u1ed1i v\u1edbi ng\u01b0\u1eddi ch\u01a1i. \u0110\u1eb7c bi\u1ec7t, \u0111\u00e2y \u0111ang tr\u1edf th\u00e0nh m\u1ed9t ch\u1ee7 \u0111\u1ec1 \u0111\u01b0\u1ee3c nhi\u1ec1u ng\u01b0\u1eddi quan t\u00e2m khi mu\u1ed1n nh\u1eadn ti\u1ec1n th\u01b0\u1edfng ho\u1eb7c l\u1ee3i nhu\u1eadn sau khi tham gia c\u00e1c ho\u1ea1t \u0111\u1ed9ng c\u00e1 c\u01b0\u1ee3c t\u1ea1i <a href=\"https:\/\/d-factory.in.net\/\"><strong>188BET<\/strong><\/a>.\u00a0<\/span><\/p>\n<h2><b>Gi\u1edbi thi\u1ec7u v\u1ec1 r\u00fat ti\u1ec1n 188BET<\/b><\/h2>\n<figure id=\"attachment_123\" aria-describedby=\"caption-attachment-123\" style=\"width: 800px\" class=\"wp-caption aligncenter\"><img loading=\"lazy\" decoding=\"async\" class=\"size-full wp-image-123\" src=\"https:\/\/d-factory.in.net\/wp-content\/uploads\/2025\/11\/rut-tien-2.jpg\" alt=\"Gi\u1edbi thi\u1ec7u v\u1ec1 r\u00fat ti\u1ec1n 188BET\" width=\"800\" height=\"400\" srcset=\"https:\/\/d-factory.in.net\/wp-content\/uploads\/2025\/11\/rut-tien-2.jpg 800w, https:\/\/d-factory.in.net\/wp-content\/uploads\/2025\/11\/rut-tien-2-300x150.jpg 300w, https:\/\/d-factory.in.net\/wp-content\/uploads\/2025\/11\/rut-tien-2-768x384.jpg 768w\" sizes=\"auto, (max-width: 800px) 100vw, 800px\" \/><figcaption id=\"caption-attachment-123\" class=\"wp-caption-text\">Gi\u1edbi thi\u1ec7u v\u1ec1 r\u00fat ti\u1ec1n 188BET<\/figcaption><\/figure>\n<p><b>R\u00fat ti\u1ec1n 188BET <\/b><span style=\"font-weight: 400;\">l\u00e0 qu\u00e1 tr\u00ecnh chuy\u1ec3n ti\u1ec1n t\u1eeb t\u00e0i kho\u1ea3n c\u00e1 c\u01b0\u1ee3c c\u1ee7a ng\u01b0\u1eddi ch\u01a1i v\u1ec1 t\u00e0i kho\u1ea3n ng\u00e2n h\u00e0ng ho\u1eb7c c\u00e1c ph\u01b0\u01a1ng th\u1ee9c thanh to\u00e1n kh\u00e1c. Qu\u00e1 tr\u00ecnh n\u00e0y y\u00eau c\u1ea7u ng\u01b0\u1eddi ch\u01a1i th\u1ef1c hi\u1ec7n c\u00e1c b\u01b0\u1edbc theo quy tr\u00ecnh nh\u1ea5t \u0111\u1ecbnh, \u0111\u1ea3m b\u1ea3o an to\u00e0n, nhanh ch\u00f3ng v\u00e0 tr\u00e1nh nh\u1eefng r\u1eafc r\u1ed1i kh\u00f4ng mong mu\u1ed1n. L\u00e0m \u0111\u00fang c\u00e1ch s\u1ebd gi\u00fap ng\u01b0\u1eddi ch\u01a1i kh\u00f4ng ch\u1ec9 nh\u1eadn \u0111\u01b0\u1ee3c ti\u1ec1n nhanh m\u00e0 c\u00f2n tr\u00e1nh c\u00e1c sai s\u00f3t kh\u00f4ng \u0111\u00e1ng c\u00f3.<\/span><\/p>\n<h2><b>C\u00e1c Ph\u01b0\u01a1ng Th\u1ee9c r\u00fat ti\u1ec1n 188BET Ph\u1ed5 Bi\u1ebfn Nh\u1ea5t<\/b><\/h2>\n<p><span style=\"font-weight: 400;\">Trong qu\u00e1 tr\u00ecnh <\/span><b>r\u00fat ti\u1ec1n 188BET<\/b><span style=\"font-weight: 400;\">, c\u00e1c ph\u01b0\u01a1ng th\u1ee9c thanh to\u00e1n t\u1ea1i \u0111\u00e2y r\u1ea5t \u0111a d\u1ea1ng, ph\u00f9 h\u1ee3p v\u1edbi nhu c\u1ea7u v\u00e0 v\u1ecb tr\u00ed c\u1ee7a t\u1eebng ng\u01b0\u1eddi ch\u01a1i. M\u1ed9t s\u1ed1 ph\u01b0\u01a1ng th\u1ee9c ph\u1ed5 bi\u1ebfn bao g\u1ed3m chuy\u1ec3n kho\u1ea3n ng\u00e2n h\u00e0ng, v\u00ed \u0111i\u1ec7n t\u1eed, ho\u1eb7c c\u00e1c d\u1ecbch v\u1ee5 thanh to\u00e1n tr\u1ef1c tuy\u1ebfn. D\u01b0\u1edbi \u0111\u00e2y l\u00e0 5 ph\u01b0\u01a1ng th\u1ee9c ph\u1ed5 bi\u1ebfn nh\u1ea5t v\u00e0 nh\u1eefng \u0111\u1eb7c \u0111i\u1ec3m n\u1ed5i b\u1eadt c\u1ee7a ch\u00fang.<\/span><\/p>\n<h3><b>Chuy\u1ec3n kho\u1ea3n ng\u00e2n h\u00e0ng<\/b><\/h3>\n<p><span style=\"font-weight: 400;\">Chuy\u1ec3n kho\u1ea3n ng\u00e2n h\u00e0ng l\u00e0 ph\u01b0\u01a1ng th\u1ee9c ph\u1ed5 bi\u1ebfn nh\u1ea5t, ph\u00f9 h\u1ee3p v\u1edbi \u0111a s\u1ed1 ng\u01b0\u1eddi ch\u01a1i Vi\u1ec7t Nam. Qu\u00e1 tr\u00ecnh n\u00e0y an to\u00e0n, nhanh ch\u00f3ng, v\u00e0 ph\u00f9 h\u1ee3p v\u1edbi c\u00e1c t\u00e0i kho\u1ea3n ng\u00e2n h\u00e0ng n\u1ed9i \u0111\u1ecba. Th\u1eddi gian x\u1eed l\u00fd trung b\u00ecnh t\u1eeb 1-3 gi\u1edd ho\u1eb7c trong ng\u00e0y, t\u00f9y v\u00e0o ng\u00e2n h\u00e0ng.<\/span><\/p>\n<h3><b>V\u00ed \u0111i\u1ec7n t\u1eed nh\u01b0 Momo, ZaloPay<\/b><\/h3>\n<figure id=\"attachment_122\" aria-describedby=\"caption-attachment-122\" style=\"width: 800px\" class=\"wp-caption aligncenter\"><img loading=\"lazy\" decoding=\"async\" class=\"size-full wp-image-122\" src=\"https:\/\/d-factory.in.net\/wp-content\/uploads\/2025\/11\/rut-tien-3.jpg\" alt=\"V\u00ed \u0111i\u1ec7n t\u1eed nh\u01b0 Momo, ZaloPay\" width=\"800\" height=\"400\" srcset=\"https:\/\/d-factory.in.net\/wp-content\/uploads\/2025\/11\/rut-tien-3.jpg 800w, https:\/\/d-factory.in.net\/wp-content\/uploads\/2025\/11\/rut-tien-3-300x150.jpg 300w, https:\/\/d-factory.in.net\/wp-content\/uploads\/2025\/11\/rut-tien-3-768x384.jpg 768w\" sizes=\"auto, (max-width: 800px) 100vw, 800px\" \/><figcaption id=\"caption-attachment-122\" class=\"wp-caption-text\">V\u00ed \u0111i\u1ec7n t\u1eed nh\u01b0 Momo, ZaloPay<\/figcaption><\/figure>\n<p><span style=\"font-weight: 400;\">C\u00e1c v\u00ed \u0111i\u1ec7n t\u1eed ng\u00e0y c\u00e0ng ph\u1ed5 bi\u1ebfn b\u1edfi t\u00ednh ti\u1ec7n l\u1ee3i v\u00e0 nhanh ch\u00f3ng. Ng\u01b0\u1eddi ch\u01a1i ch\u1ec9 c\u1ea7n li\u00ean k\u1ebft v\u00ed \u0111i\u1ec7n t\u1eed v\u1edbi t\u00e0i kho\u1ea3n v\u00e0 th\u1ef1c hi\u1ec7n qua v\u00ed n\u00e0y. Th\u1eddi gian x\u1eed l\u00fd th\u01b0\u1eddng ch\u1ec9 trong v\u00f2ng 15-30 ph\u00fat.<\/span><\/p>\n<h3><b>Th\u1ebb c\u00e0o ho\u1eb7c c\u00e1c d\u1ecbch v\u1ee5 thanh to\u00e1n tr\u1ef1c tuy\u1ebfn kh\u00e1c<\/b><\/h3>\n<p><span style=\"font-weight: 400;\">Ngo\u00e0i ra c\u00f2n c\u00f3 ph\u01b0\u01a1ng th\u1ee9c r\u00fat qua th\u1ebb c\u00e0o \u0111i\u1ec7n tho\u1ea1i ho\u1eb7c c\u00e1c d\u1ecbch v\u1ee5 thanh to\u00e1n tr\u1ef1c tuy\u1ebfn nh\u01b0 PayPal, tuy nhi\u00ean \u00edt ph\u1ed5 bi\u1ebfn h\u01a1n do h\u1ea1n ch\u1ebf v\u1ec1 v\u00f9ng mi\u1ec1n v\u00e0 quy \u0111\u1ecbnh ph\u00e1p l\u00fd.<\/span><\/p>\n<h3><b>L\u1ee3i \u00edch c\u1ee7a vi\u1ec7c ch\u1ecdn ph\u01b0\u01a1ng th\u1ee9c ph\u00f9 h\u1ee3p<\/b><\/h3>\n<p><span style=\"font-weight: 400;\">Ch\u1ecdn \u0111\u00fang ph\u01b0\u01a1ng th\u1ee9c kh\u00f4ng nh\u1eefng gi\u00fap b\u1ea1n ti\u1ebft ki\u1ec7m th\u1eddi gian m\u00e0 c\u00f2n gi\u1ea3m thi\u1ec3u c\u00e1c r\u1eafc r\u1ed1i v\u1ec1 giao d\u1ecbch. Ph\u01b0\u01a1ng th\u1ee9c ph\u00f9 h\u1ee3p s\u1ebd l\u00e0 ti\u00eau ch\u00ed quan tr\u1ecdng \u0111\u1ec3 \u0111\u1ea3m b\u1ea3o qu\u00e1 tr\u00ecnh di\u1ec5n ra thu\u1eadn l\u1ee3i, g\u1ea7n nh\u01b0 t\u1ee9c th\u1eddi v\u00e0 an to\u00e0n tuy\u1ec7t \u0111\u1ed1i.<\/span><\/p>\n<h2><b>H\u01b0\u1edbng D\u1eabn Chi Ti\u1ebft C\u00e1ch r\u00fat ti\u1ec1n 188BET\u00a0<\/b><\/h2>\n<p><span style=\"font-weight: 400;\">D\u01b0\u1edbi \u0111\u00e2y l\u00e0 c\u00e1c b\u01b0\u1edbc c\u1ee5 th\u1ec3 \u0111\u1ec3 th\u1ef1c hi\u1ec7n m\u1ed9t c\u00e1ch ch\u00ednh x\u00e1c v\u00e0 d\u1ec5 d\u00e0ng, gi\u00fap ng\u01b0\u1eddi ch\u01a1i kh\u00f4ng c\u00f2n b\u1ee1 ng\u1ee1 khi l\u1ea7n \u0111\u1ea7u ti\u00ean th\u1ef1c hi\u1ec7n giao d\u1ecbch.<\/span><\/p>\n<h3><b>C\u00e1c b\u01b0\u1edbc th\u1ef1c hi\u1ec7n r\u00fat ti\u1ec1n 188BET\u00a0<\/b><\/h3>\n<ul>\n<li style=\"font-weight: 400;\" aria-level=\"1\"><b>\u0110\u0103ng nh\u1eadp v\u00e0o t\u00e0i kho\u1ea3n c\u00e1 c\u01b0\u1ee3c<\/b><span style=\"font-weight: 400;\"> c\u1ee7a b\u1ea1n tr\u00ean trang ch\u1ee7.<\/span><\/li>\n<li style=\"font-weight: 400;\" aria-level=\"1\"><span style=\"font-weight: 400;\">Ch\u1ecdn m\u1ee5c <\/span><b>r\u00fat ti\u1ec1n 188BET<\/b><span style=\"font-weight: 400;\"> ho\u1eb7c <\/span><b>Withdrawal<\/b><span style=\"font-weight: 400;\"> trong menu.<\/span><\/li>\n<li style=\"font-weight: 400;\" aria-level=\"1\"><span style=\"font-weight: 400;\">\u0110i\u1ec1n s\u1ed1 ti\u1ec1n b\u1ea1n mu\u1ed1n r\u00fat v\u00e0 ch\u1ecdn ph\u01b0\u01a1ng th\u1ee9c thanh to\u00e1n ph\u00f9 h\u1ee3p, v\u00ed d\u1ee5 nh\u01b0 chuy\u1ec3n kho\u1ea3n ng\u00e2n h\u00e0ng ho\u1eb7c v\u00ed \u0111i\u1ec7n t\u1eed.<\/span><\/li>\n<li style=\"font-weight: 400;\" aria-level=\"1\"><span style=\"font-weight: 400;\">Nh\u1eadp \u0111\u1ea7y \u0111\u1ee7 th\u00f4ng tin c\u1ea7n thi\u1ebft nh\u01b0 s\u1ed1 t\u00e0i kho\u1ea3n ng\u00e2n h\u00e0ng, t\u00ean ch\u1ee7 t\u00e0i kho\u1ea3n, ho\u1eb7c th\u00f4ng tin v\u00ed \u0111i\u1ec7n t\u1eed theo y\u00eau c\u1ea7u.<\/span><\/li>\n<li style=\"font-weight: 400;\" aria-level=\"1\"><span style=\"font-weight: 400;\">X\u00e1c nh\u1eadn l\u1ea1i c\u00e1c th\u00f4ng tin r\u1ed3i nh\u1ea5n n\u00fat <\/span><b>X\u00e1c nh\u1eadn<\/b><span style=\"font-weight: 400;\"> ho\u1eb7c <\/span><b>Confirm<\/b><span style=\"font-weight: 400;\">.<\/span><\/li>\n<li style=\"font-weight: 400;\" aria-level=\"1\"><span style=\"font-weight: 400;\">\u0110\u1ee3i h\u1ec7 th\u1ed1ng x\u1eed l\u00fd, th\u00f4ng th\u01b0\u1eddng t\u1eeb v\u00e0i ph\u00fat \u0111\u1ebfn 24 gi\u1edd t\u00f9y ph\u01b0\u01a1ng th\u1ee9c v\u00e0 th\u1eddi \u0111i\u1ec3m giao d\u1ecbch.<\/span><\/li>\n<\/ul>\n<h3><b>C\u00e1c l\u01b0u \u00fd quan tr\u1ecdng<\/b><\/h3>\n<figure id=\"attachment_121\" aria-describedby=\"caption-attachment-121\" style=\"width: 800px\" class=\"wp-caption aligncenter\"><img loading=\"lazy\" decoding=\"async\" class=\"size-full wp-image-121\" src=\"https:\/\/d-factory.in.net\/wp-content\/uploads\/2025\/11\/rut-tien-4.jpg\" alt=\"C\u00e1c l\u01b0u \u00fd quan tr\u1ecdng khi r\u00fat ti\u1ec1n 188BET\" width=\"800\" height=\"400\" srcset=\"https:\/\/d-factory.in.net\/wp-content\/uploads\/2025\/11\/rut-tien-4.jpg 800w, https:\/\/d-factory.in.net\/wp-content\/uploads\/2025\/11\/rut-tien-4-300x150.jpg 300w, https:\/\/d-factory.in.net\/wp-content\/uploads\/2025\/11\/rut-tien-4-768x384.jpg 768w\" sizes=\"auto, (max-width: 800px) 100vw, 800px\" \/><figcaption id=\"caption-attachment-121\" class=\"wp-caption-text\">C\u00e1c l\u01b0u \u00fd quan tr\u1ecdng khi r\u00fat ti\u1ec1n 188BET<\/figcaption><\/figure>\n<p><span style=\"font-weight: 400;\">Trong qu\u00e1 tr\u00ecnh, ng\u01b0\u1eddi ch\u01a1i c\u1ea7n ki\u1ec3m tra k\u1ef9 ph\u1ea7n th\u00f4ng tin \u0111\u1ec3 tr\u00e1nh sai s\u00f3t, \u0111\u1eb7c bi\u1ec7t v\u1ec1 s\u1ed1 t\u00e0i kho\u1ea3n ng\u00e2n h\u00e0ng ho\u1eb7c th\u00f4ng tin v\u00ed \u0111i\u1ec7n t\u1eed. C\u00e1c v\u1ea5n \u0111\u1ec1 th\u01b0\u1eddng g\u1eb7p bao g\u1ed3m \u0111i\u1ec1n sai s\u1ed1 d\u01b0, ho\u1eb7c \u0111\u1ecba ch\u1ec9 v\u00ed kh\u00f4ng ch\u00ednh x\u00e1c, d\u1eabn \u0111\u1ebfn m\u1ea5t th\u1eddi gian. Ngo\u00e0i ra, ng\u01b0\u1eddi ch\u01a1i c\u1ea7n ch\u00fa \u00fd \u0111\u1ebfn kho\u1ea3n ti\u1ec1n t\u1ed1i thi\u1ec3u cho ph\u00e9p r\u00fat v\u00e0 c\u00e1c \u0111i\u1ec1u ki\u1ec7n v\u1ec1 x\u00e1c minh danh t\u00ednh \u0111\u1ec3 \u0111\u1ea3m b\u1ea3o giao d\u1ecbch th\u00e0nh c\u00f4ng.<\/span><\/p>\n<h3><b>M\u1eb9o gi\u00fap qu\u00e1 tr\u00ecnh nhanh ch\u00f3ng v\u00e0 h\u1ea1n ch\u1ebf r\u1ee7i ro<\/b><\/h3>\n<p><span style=\"font-weight: 400;\">B\u1ea1n n\u00ean c\u1eadp nh\u1eadt \u0111\u1ea7y \u0111\u1ee7 th\u00f4ng tin c\u00e1 nh\u00e2n v\u00e0 li\u00ean k\u1ebft ch\u00ednh x\u00e1c c\u00e1c ph\u01b0\u01a1ng th\u1ee9c thanh to\u00e1n \u0111\u1ec3 tr\u00e1nh b\u1ecb tr\u00ec ho\u00e3n. Ngo\u00e0i ra, tr\u00e1nh th\u1ef1c hi\u1ec7n khi h\u1ec7 th\u1ed1ng c\u00f3 b\u1ea3o tr\u00ec ho\u1eb7c \u0111ang trong qu\u00e1 tr\u00ecnh c\u1eadp nh\u1eadt. N\u1ebfu g\u1eb7p s\u1ef1 c\u1ed1, li\u00ean h\u1ec7 ngay b\u1ed9 ph\u1eadn ch\u0103m s\u00f3c kh\u00e1ch h\u00e0ng \u0111\u1ec3 \u0111\u01b0\u1ee3c h\u1ed7 tr\u1ee3 k\u1ecbp th\u1eddi.<\/span><\/p>\n<h2><b>C\u00e1c V\u1ea5n \u0110\u1ec1 Th\u01b0\u1eddng G\u1eb7p Khi r\u00fat ti\u1ec1n 188BET V\u00e0 C\u00e1ch Kh\u1eafc Ph\u1ee5c<\/b><\/h2>\n<p><span style=\"font-weight: 400;\">Trong qu\u00e1 tr\u00ecnh <\/span><b>r\u00fat ti\u1ec1n 188BET<\/b><span style=\"font-weight: 400;\">, c\u00f3 th\u1ec3 g\u1eb7p ph\u1ea3i m\u1ed9t s\u1ed1 v\u1ea5n \u0111\u1ec1 nh\u01b0 giao d\u1ecbch b\u1ecb t\u1eeb ch\u1ed1i, th\u1eddi gian x\u1eed l\u00fd k\u00e9o d\u00e0i ho\u1eb7c th\u00f4ng b\u00e1o sai l\u1ed7i. Ng\u01b0\u1eddi ch\u01a1i c\u1ea7n bi\u1ebft c\u00e1ch x\u1eed l\u00fd \u0111\u00fang \u0111\u1ec3 kh\u00f4ng b\u1ecb gi\u00e1n \u0111o\u1ea1n trong vi\u1ec7c nh\u1eadn l\u1ee3i nhu\u1eadn.<\/span><\/p>\n<h3><b>C\u00e1c l\u1ed7i ph\u1ed5 bi\u1ebfn<\/b><\/h3>\n<p><span style=\"font-weight: 400;\">M\u1ed9t s\u1ed1 l\u1ed7i th\u01b0\u1eddng g\u1eb7p bao g\u1ed3m th\u00f4ng tin ng\u00e2n h\u00e0ng kh\u00f4ng ch\u00ednh x\u00e1c, s\u1ed1 d\u01b0 kh\u00f4ng \u0111\u1ee7, ho\u1eb7c vi ph\u1ea1m ch\u00ednh s\u00e1ch v\u1ec1 h\u1ea1n m\u1ee9c r\u00fat ti\u1ec1n 188BET. \u0110\u1ec3 kh\u1eafc ph\u1ee5c, b\u1ea1n n\u00ean ki\u1ec3m tra l\u1ea1i to\u00e0n b\u1ed9 th\u00f4ng tin v\u00e0 \u0111\u1ea3m b\u1ea3o \u0111\u00e1p \u1ee9ng c\u00e1c y\u00eau c\u1ea7u c\u1ee7a h\u1ec7 th\u1ed1ng.<\/span><\/p>\n<h3><b>M\u1ed9t s\u1ed1 l\u01b0u \u00fd \u0111\u1ec3 \u0111\u1ea3m b\u1ea3o an to\u00e0n<\/b><\/h3>\n<p><span style=\"font-weight: 400;\">Kh\u00f4ng chia s\u1ebb th\u00f4ng tin c\u00e1 nh\u00e2n ho\u1eb7c t\u00e0i kho\u1ea3n ng\u00e2n h\u00e0ng cho ng\u01b0\u1eddi kh\u00e1c, tr\u00e1nh nh\u1ea5p v\u00e0o c\u00e1c \u0111\u01b0\u1eddng link l\u1ea1 ho\u1eb7c gi\u1ea3 m\u1ea1o. Ng\u01b0\u1eddi ch\u01a1i c\u0169ng n\u00ean s\u1eed d\u1ee5ng c\u00e1c m\u1ea1ng Wi-Fi an to\u00e0n khi th\u1ef1c hi\u1ec7n c\u00e1c giao d\u1ecbch t\u00e0i ch\u00ednh \u0111\u1ec3 tr\u00e1nh r\u1ee7i ro v\u1ec1 an ninh m\u1ea1ng.<\/span><\/p>\n<h2><b>So S\u00e1nh C\u00e1c Ph\u01b0\u01a1ng Th\u1ee9c r\u00fat ti\u1ec1n 188BET: \u01afu Nh\u01b0\u1ee3c \u0110i\u1ec3m<\/b><\/h2>\n<table>\n<tbody>\n<tr>\n<td><b>Ph\u01b0\u01a1ng th\u1ee9c<\/b><\/td>\n<td><b>Th\u1eddi gian x\u1eed l\u00fd<\/b><\/td>\n<td><b>Ph\u00ed giao d\u1ecbch<\/b><\/td>\n<td><b>\u0110\u1ed9 an to\u00e0n<\/b><\/td>\n<td><b>Ph\u00f9 h\u1ee3p cho ai?<\/b><\/td>\n<\/tr>\n<tr>\n<td><span style=\"font-weight: 400;\">Chuy\u1ec3n kho\u1ea3n ng\u00e2n h\u00e0ng<\/span><\/td>\n<td><span style=\"font-weight: 400;\">1-3 gi\u1edd t\u1edbi v\u00e0i ng\u00e0y<\/span><\/td>\n<td><span style=\"font-weight: 400;\">Th\u01b0\u1eddng mi\u1ec5n ph\u00ed<\/span><\/td>\n<td><span style=\"font-weight: 400;\">R\u1ea5t cao<\/span><\/td>\n<td><span style=\"font-weight: 400;\">Ng\u01b0\u1eddi ch\u01a1i y\u00eau c\u1ea7u chuy\u1ec3n ti\u1ec1n l\u1edbn<\/span><\/td>\n<\/tr>\n<tr>\n<td><span style=\"font-weight: 400;\">V\u00ed \u0111i\u1ec7n t\u1eed (Momo, ZaloPay)<\/span><\/td>\n<td><span style=\"font-weight: 400;\">15-30 ph\u00fat<\/span><\/td>\n<td><span style=\"font-weight: 400;\">C\u00f3 th\u1ec3 c\u00f3 ph\u00ed<\/span><\/td>\n<td><span style=\"font-weight: 400;\">Cao<\/span><\/td>\n<td><span style=\"font-weight: 400;\">Ng\u01b0\u1eddi ch\u01a1i \u01b0u ti\u00ean nhanh, g\u1ecdn nh\u1eb9<\/span><\/td>\n<\/tr>\n<tr>\n<td><span style=\"font-weight: 400;\">Th\u1ebb c\u00e0o \u0111i\u1ec7n tho\u1ea1i, PayPal<\/span><\/td>\n<td><span style=\"font-weight: 400;\">T\u00f9y theo d\u1ecbch v\u1ee5<\/span><\/td>\n<td><span style=\"font-weight: 400;\">C\u00f3 th\u1ec3 cao<\/span><\/td>\n<td><span style=\"font-weight: 400;\">Trung b\u00ecnh<\/span><\/td>\n<td><span style=\"font-weight: 400;\">Ng\u01b0\u1eddi d\u00f9ng qu\u1ed1c t\u1ebf, c\u1ea7n ph\u01b0\u01a1ng th\u1ee9c linh ho\u1ea1t<\/span><\/td>\n<\/tr>\n<\/tbody>\n<\/table>\n<p><span style=\"font-weight: 400;\">Trong t\u1ed5ng th\u1ec3, m\u1ed7i ph\u01b0\u01a1ng th\u1ee9c \u0111\u1ec1u c\u00f3 \u01b0u \u0111i\u1ec3m v\u00e0 h\u1ea1n ch\u1ebf ri\u00eang, v\u00e0 l\u1ef1a ch\u1ecdn ph\u00f9 h\u1ee3p s\u1ebd t\u00f9y thu\u1ed9c v\u00e0o y\u00eau c\u1ea7u c\u00e1 nh\u00e2n c\u1ee7a t\u1eebng ng\u01b0\u1eddi ch\u01a1i v\u1ec1 t\u1ed1c \u0111\u1ed9, ti\u1ec1n ph\u00ed, v\u00e0 t\u00ednh an to\u00e0n.<\/span><\/p>\n<h2><b>K\u1ebft lu\u1eadn<\/b><\/h2>\n<p><a href=\"https:\/\/d-factory.in.net\/index.php\/rut-tien-188bet\/\"><b>R\u00fat ti\u1ec1n 188BET<\/b><\/a><span style=\"font-weight: 400;\"> l\u00e0 b\u01b0\u1edbc cu\u1ed1i c\u00f9ng quan tr\u1ecdng \u0111\u1ec3 ng\u01b0\u1eddi ch\u01a1i c\u00f3 th\u1ec3 nh\u1eadn \u0111\u01b0\u1ee3c l\u1ee3i nhu\u1eadn t\u1eeb c\u00e1c ho\u1ea1t \u0111\u1ed9ng c\u00e1 c\u01b0\u1ee3c. Hi\u1ec3u r\u00f5 c\u00e1c quy tr\u00ecnh, l\u1ef1a ch\u1ecdn ph\u01b0\u01a1ng th\u1ee9c ph\u00f9 h\u1ee3p v\u00e0 th\u1ef1c hi\u1ec7n \u0111\u00fang c\u00e1c b\u01b0\u1edbc s\u1ebd gi\u00fap b\u1ea1n tr\u00e1nh g\u1eb7p r\u1eafc r\u1ed1i, ti\u1ebft ki\u1ec7m th\u1eddi gian v\u00e0 t\u0103ng hi\u1ec7u qu\u1ea3 giao d\u1ecbch. \u0110\u1eebng qu\u00ean ki\u1ec3m tra k\u1ef9 th\u00f4ng tin, gi\u1eef g\u00ecn an to\u00e0n d\u1eef li\u1ec7u c\u00e1 nh\u00e2n, v\u00e0 li\u00ean h\u1ec7 b\u1ed9 ph\u1eadn h\u1ed7 tr\u1ee3 khi g\u1eb7p c\u00e1c v\u1ea5n \u0111\u1ec1 ph\u00e1t sinh. Ch\u00fac c\u00e1c b\u1ea1n th\u00e0nh c\u00f4ng v\u00e0 c\u00f3 tr\u1ea3i nghi\u1ec7m c\u00e1 c\u01b0\u1ee3c thu\u1eadn l\u1ee3i, su\u00f4n s\u1ebb nh\u1ea5t.<\/span><\/p>\n","protected":false},"excerpt":{"rendered":"<p>Trong th\u1ebf gi\u1edbi c\u00e1 c\u01b0\u1ee3c tr\u1ef1c tuy\u1ebfn, vi\u1ec7c nhanh ch\u00f3ng r\u00fat ti\u1ec1n 188BET t\u1eeb t\u00e0i kho\u1ea3n l\u00e0 \u0111i\u1ec1u v\u00f4 c\u00f9ng quan tr\u1ecdng \u0111\u1ed1i v\u1edbi ng\u01b0\u1eddi ch\u01a1i. \u0110\u1eb7c bi\u1ec7t, \u0111\u00e2y \u0111ang tr\u1edf th\u00e0nh m\u1ed9t ch\u1ee7 \u0111\u1ec1 \u0111\u01b0\u1ee3c nhi\u1ec1u ng\u01b0\u1eddi quan t\u00e2m khi mu\u1ed1n nh\u1eadn ti\u1ec1n th\u01b0\u1edfng ho\u1eb7c l\u1ee3i nhu\u1eadn sau khi tham gia c\u00e1c ho\u1ea1t \u0111\u1ed9ng [&#8230;]\n","protected":false},"author":1,"featured_media":124,"parent":0,"menu_order":0,"comment_status":"closed","ping_status":"closed","template":"page-blank-title-center.php","meta":{"footnotes":""},"class_list":["post-120","page","type-page","status-publish","has-post-thumbnail","hentry"],"_links":{"self":[{"href":"https:\/\/d-factory.in.net\/index.php\/wp-json\/wp\/v2\/pages\/120","targetHints":{"allow":["GET"]}}],"collection":[{"href":"https:\/\/d-factory.in.net\/index.php\/wp-json\/wp\/v2\/pages"}],"about":[{"href":"https:\/\/d-factory.in.net\/index.php\/wp-json\/wp\/v2\/types\/page"}],"author":[{"embeddable":true,"href":"https:\/\/d-factory.in.net\/index.php\/wp-json\/wp\/v2\/users\/1"}],"replies":[{"embeddable":true,"href":"https:\/\/d-factory.in.net\/index.php\/wp-json\/wp\/v2\/comments?post=120"}],"version-history":[{"count":1,"href":"https:\/\/d-factory.in.net\/index.php\/wp-json\/wp\/v2\/pages\/120\/revisions"}],"predecessor-version":[{"id":125,"href":"https:\/\/d-factory.in.net\/index.php\/wp-json\/wp\/v2\/pages\/120\/revisions\/125"}],"wp:featuredmedia":[{"embeddable":true,"href":"https:\/\/d-factory.in.net\/index.php\/wp-json\/wp\/v2\/media\/124"}],"wp:attachment":[{"href":"https:\/\/d-factory.in.net\/index.php\/wp-json\/wp\/v2\/media?parent=120"}],"curies":[{"name":"wp","href":"https:\/\/api.w.org\/{rel}","templated":true}]}}